t t(p) = -9*q(p) - 2*x(p). Suppose 24 = 3*h - 3*d, -2*d - 1 = -5*h + 30. Determine t(h).
3
Let l(g) = -2*g**2 - 4*g - 3. Suppose -a - 2*h + 5 = 0, 5*h = a + 11 + 5. Let r = a + 13. Suppose -r = -5*u + 9*u. Give l(u).
-9
Let m(u) = 3 + 5*u**2 - 10*u**2 - 4*u + 6*u**2. Calculate m(2).
-1
Suppose 84 = -6*q + 12*q. Let m = 16 - q. Let s(d) = 2*d + 2. Give s(m).
6
Let i(u) be the second derivative of u**3/6 + u**2 + 2*u. Let w be i(2). Let b(h) be the first derivative of h**4/4 - 2*h**3 + 2*h**2 + 4*h + 4. Give b(w).
-12
Let b(x) = -x**3 - 3*x**2 + 2*x + 3. Suppose 0 = 5*f + 5, -3*c + 5*f = -1 + 2. Give b(c).
-5
Let p(h) = 3*h**2 - 162*h - 161. Let t be p(55). Let v(l) = 5*l - 5 + 3*l**2 - 2*l**2 - 2*l**2. What is v(t)?
-1
Let g(y) = y**2 + y + 6. Let l = -82 - -87. Calculate g(l).
36
Let w = 25 + -31. Let r(n) = n**2 + 2*n - 8. Let c(y) = -y. Let z(k) = w*c(k) - r(k). Calculate z(6).
-4
Let s = 28 + -10. Let k = s + -16. Let i(b) = -4*b - 3*b + b + 6 + b**k. Give i(5).
1
Let y(x) be the first derivative of 4*x**2 - x - 171. Calculate y(1).
7
Let f(g) be the third derivative of 11*g**5/60 + g**3/6 - 102*g**2. Calculate f(1).
12
Let v(f) be the third derivative of -f**5/60 - f**4/6 + 218*f**2. Suppose 13 = 2*h - 5. Suppose 4*y + 4*j = 4, -h*y - 10 = -4*y + 2*j. What is v(y)?
0
Let j(v) = -6*v**2 - 34*v + 40. Let i(m) = -m**2 - 7*m + 8. Let k(w) = -11*i(w) + 2*j(w). What is k(6)?
10
Let w(x) = -3*x + 15 + 2 - 8 - x + 0. What is w(-3)?
21
Let d(s) = -s**2 + s - 1. Let x(i) = 6*i**2 - 6*i - 11. Let n(l) = -3*d(l) + x(l). Let q(a) = -3*a**2 + 3*a + 3. Let y(w) = -4*n(w) - 11*q(w). Give y(3).
-19
Let l(f) be the second derivative of -7*f**3/6 - 21*f**2/2 + 83*f. What is l(-5)?
14
Let c = -3 - -2. Let a(v) = 86*v - 6. Let y(i) = 17*i - 1. Let x(g) = -g**3 - 11*g**2 - 9*g + 12. Let j be x(-10). Let s(h) = j*a(h) - 11*y(h). Determine s(c).
14
Let a(m) = 40*m - 12 + 23 - 38*m. Give a(-5).
1
Let i be (-12)/4 + (-24)/8. Let v(d) = d**3 + 5*d**2 - 3*d - 3. Calculate v(i).
-21
Let c(d) = -d**3 + 11*d**2 + 11*d + 9. Let o = 109 - 105. Let p be (-15)/(-6) + 38/o. Give c(p).
-3
Let d = 16 + 2. Let x(l) = d*l - 33*l + 3*l**2 - 2 + 16*l. Give x(-2).
8
Let m = 13 + -7. Let s be (-10)/(-65) - 89/13*-1. Let o(d) = 4*d + 0*d + s - 12*d + d**2 - d. Calculate o(m).
-11
Suppose 0 = -4*h - a + 69 - 28, 2*h - 5*a = -7. Let o(i) = 7*i**3 - 10*i**2 + 15*i + 5. Let k(n) = -n**3 - n + 1. Let v(x) = 6*k(x) + o(x). Give v(h).
11
Let d = -2 + 2. Let q(y) be the third derivative of 1/120*y**6 + 0 + 4*y**2 + 1/24*y**4 - 1/60*y**5 + 4/3*y**3 + 0*y. Calculate q(d).
8
Suppose 6*b + 49 = -5. Let i(j) = -13*j**3 - 25*j**2 + 8*j - 16. Let l(n) = -3*n**3 - 6*n**2 + 2*n - 4. Let h(c) = b*l(c) + 2*i(c). Determine h(-4).
12
Suppose -5*u + 62*u + 57 = 0. Let p(m) = -29*m**3 - m**2 - 2*m - 1. Give p(u).
29
Let q(r) = -5*r**2 + 1. Let u(o) = -o**3 + 8*o**2 - 5*o - 10. Let p = 20 - 13. Let y be u(p). Suppose 3 = z + y. What is q(z)?
-4
Let q(j) = -j**2 + j + 9. Let g be 4/(-8)*(-5)/(10/12). Let p be 0*g/6*1. Calculate q(p).
9
Let z(r) be the first derivative of 3*r**4/4 + 4*r**3/3 - 2*r**2 - 406. Give z(1).
3
Let o(h) = -h**3 + 6*h**2 + 3*h - 5. Let z = -616 + 622. Determine o(z).
13
Let a(y) = -2*y**2 - 3*y + 4. Let w(l) = l - 1. Let r(j) = -a(j) - w(j). Suppose -c = -0*c + 5*p + 23, -1 = -c + p. What is r(c)?
9
Let k be -7*(72/14)/6. Let f(t) = -t**2 + 3*t - 1. Let x(w) = -6*w**2 + 12*w. Let a(z) = -5*f(z) + x(z). What is a(k)?
-13
Let d(w) = 3*w + 4. Let g(c) = 3*c**2 + 22*c + 18. Let j be g(-6). Determine d(j).
-14
Let s(m) be the first derivative of -m**3/3 + 7*m**2/2 - m - 1. Let u be (2 + -2 + 2/(-6))*-9. Suppose u = k - 3. Determine s(k).
5
Let h(i) = -i**3 + i**2 + 3*i + 2. Let c(z) = z**2. Let u(x) = -c(x) + h(x). Let n(k) = k**3 + 24*k**2 + 17*k - 140. Let f be n(-23). Determine u(f).
4
Let l(r) = 193072 - 193075 + 0*r + r. Determine l(8).
5
Let r be 16/(-36)*9/(-2). Suppose 2*b + 18 = 3*i - r*b, 0 = 4*b. Let f(s) be the third derivative of s**5/60 - s**4/6 + s**3/2 + 11*s**2. Give f(i).
15
Let r(k) = k**3 - 12*k**2 + 10*k + 14. Let t be r(11). Let n(x) = 7*x + 1. Calculate n(t).
22
Let i(t) = -5*t**2 + 2*t + 1. Let p be i(2). Let h = 14 + p. Let k be 0 + ((-15)/h)/3. Let r(l) = -l**3 + 6*l**2 - 7*l + 6. Calculate r(k).
-4
Let i(g) = -15*g**3 + 5*g**2 - 16*g - 11. Let f(c) = 7*c**3 - 2*c**2 + 7*c + 5. Let n(v) = -9*f(v) - 4*i(v). What is n(-2)?
13
Let w be (-2)/17 - 1242/(-153). Let j(g) = -g**2 + 5*g + 22. Give j(w).
-2
Let j(i) = i - 6. Suppose 8*t - 15 = 3*t. Suppose 0*g = t*g. What is j(g)?
-6
Let i(j) = -286 - j + 5*j + 6*j + 288. What is i(-2)?
-18
Let b(t) be the third derivative of t**5/30 + t**4/24 + t**3/3 + 2*t**2 + 130*t. What is b(-3)?
17
Let q = -31 + 34. Let u(y) = -y**2 + 5 + 0*y + 2 - q*y. What is u(-6)?
-11
Let n(w) = -2*w**3 + 2*w**2 + 11*w - 2. Suppose 2*d - d = -6. Let r(h) = -h**3 + h**2 + 6*h - 1. Let y(q) = d*n(q) + 11*r(q). What is y(2)?
5
Let f(t) = t + 7. Let c be f(-7). Let n be 0/3 + 1 + 3. Suppose c = -2*g + n*g. Let q(b) = b**2 - 10. Give q(g).
-10
Suppose -5*d + d + 3*l = -18, 0 = -3*d + l + 11. Let q(x) = 5 + x**2 + d - 5*x - 5. What is q(5)?
3
Let x be ((-15)/(-25))/(1/10). Let p(m) = -10 - 9 + m + 6. Determine p(x).
-7
Let p(k) = 4*k**3 + k**2 + k + 2. Let o(s) = 6*s**3 - s**2 - 1. Let c(g) = -o(g) - p(g). Suppose -3*f + 13 = 5*m - 3*m, -2*f = 5*m - 5. What is c(m)?
10
Let d(p) = p**2 + 6*p**3 - 2*p**2 - 61 + 62. Let s(v) = -5*v**3 - 1. Let y(h) = 6*d(h) + 7*s(h). Determine y(6).
-1
Suppose -11*t = -43 - 23. Let n(j) = j**3 - 5*j**2 - 6*j - 7. What is n(t)?
-7
Suppose -35 = 2*z - 27. Let w(r) = r**3 + 2*r**2 - r - 3. What is w(z)?
-31
Let i(b) = 2*b**2 - 3*b. Let h be i(3). Let d(y) = -5*y**2 + 14*y - 19. Let k(f) = -11*f**2 + 29*f - 40. Let u(j) = -9*d(j) + 4*k(j). Give u(h).
2
Let g(s) = 7*s**2 + 12*s - 40. Let c(v) = -15*v**2 - 24*v + 79. Let y(w) = 6*c(w) + 13*g(w). Determine y(3).
-1
Let g(j) be the third derivative of -j**5/60 - 5*j**4/24 + 7*j**3/6 + j**2 - 229. Let w = 9 - 15. Determine g(w).
1
Let u(x) = -18*x**3 + 2*x**2 - 2*x + 1. Suppose 4*s + 4 = -4*n, 2*n - s = 4*n + 4. Let g be (-1)/n*-3*-1. Give u(g).
-17
Let o = 2 - 3. Let v(s) be the first derivative of -2*s**3 + s**2 + 2*s - 10. Let b be v(o). Let d(n) = -n - 2. Determine d(b).
4
Suppose 72 = 180*b - 171*b. Let p(f) = -4*f + 10. Determine p(b).
-22
Let k(b) = 11*b + 12 - b**2 - 3 + 3 - 11*b + 8*b. Determine k(9).
3
Let c(g) = g + 1. Let d = 24 - 21. Let i(m) = 2*m - 6. Let z(u) = d*c(u) + i(u). Determine z(2).
7
Let f = -8 + 8. Suppose -l - 1 = -f*l. Let b be (-4)/(2*(l + 2)). Let g(x) = -8*x - 1. What is g(b)?
15
Let s(g) be the first derivative of -g**4/4 - 2*g**3 - g**2 - 8*g - 202. Suppose 5*x - 27 = -c - 7, -3*c = 2*x - 8. Let n be -2*6*2/x. Calculate s(n).
4
Let a(r) = 4 - 39 + 5 + 7 + 9*r + 10. What is a(6)?
41
Let q(l) = 6*l + 17. Let m(y) = -9*y - 25. Let v(b) = -5*m(b) - 7*q(b). Let z be 30/(-20)*(-4)/(-6). Let a be z + -1 + -4 + 2. Give v(a).
-6
Let z(f) = 17*f + 6. Let d be 2/((2 - 3) + 0/(-6)). Determine z(d).
-28
Let d(f) = 3*f + 5. Let q(r) = r + 1. Let z(x) = d(x) - 4*q(x). Let k(m) be the first derivative of 3*m**2/2 - 4*m + 2. Let p(g) = k(g) + 6*z(g). Give p(2).
-4
Let i(n) be the third derivative of -n**4/24 - 5*n**3/6 - 13*n**2. Suppose 0*a = 3*a - 9. Suppose -2*k - 3*d + 2 + 0 = 0, a*d = 5*k + 37. What is i(k)?
0
Suppose 4*c + 6 = 3*x + c, -2*c - 14 = 3*x. Let u = x - -2. Let j(a) be the third derivative of a**4/24 + 1606*a**2. Determine j(u).
0
Let o(r) = -r + 5. Let y(n) = 29*n - 227. Let w be y(8). Give o(w).
0
Suppose -3*a = -3*n + 21, -3*n - 4*a - 7 = -0*n. Let d(i) be the third derivative of -1/60*i**5 + 1/8*i**4 + 0*i + 1/2*i**3 + i**2 + 0. Give d(n).
3
Let z(g) = g**3 + g**2 - g + 1. Let w(r) = -3*r**3 - 8*r**2 - 2*r - 8. Let d(p) = w(p) + 2*z(p). Give d(-4).
-22
Let w(o) be the second derivative of -o**5/20 + o**4/12 - o**3/2 - o**2/2 + 1014*o. Give w(-2).
17
Suppose -35 - 37 = -9*p. Let q(o) = -5*o + 35. Determine q(p).
-5
Let h(n) = 9*n**2 - 5*n - 9*n**2 + 6 + n**2. Let a be h(4). Let k(x) = -x**2 + 7*x + 0*x + 0*x**a + 0*x - 7. What is k(5)?
3
Let n = -32 - -36. Suppose 5*w = l + 2, 2 + 6 = -n*w + 4*l. Let a = w + 3. Let o(z) = -z**3 + 3*z**2 + z